
What is the hundreds digit of 208659381?
3
What is the units digit of 10128547?
7
What is the units digit of 22774196?
6
What is the tens digit of 34214501?
0
What is the units digit of 832432529?
9
What is the hundreds digit of 190762553?
5
What is the hundreds digit of 2964542093?
0
What is the millions digit of 46073993?
6
What is the millions digit of 561147126?
1
What is the tens digit of 1940921793?
9
What is the ten millions digit of 219604712?
1
What is the units digit of 386966870?
0
What is the ten millions digit of 184613292?
8
What is the ten millions digit of 859203318?
5
What is the hundred thousands digit of 936730691?
7
What is the hundred thousands digit of 5212044616?
0
What is the hundred thousands digit of 569599775?
5
What is the millions digit of 3639621747?
9
What is the millions digit of 65569354?
5
What is the hundred millions digit of 837652966?
8
What is the tens digit of 24208495?
9
What is the hundreds digit of 207560552?
5
What is the ten millions digit of 343030214?
4
What is the tens digit of 3188679878?
7
What is the billions digit of 1552292633?
1
What is the hundreds digit of 50029045?
0
What is the units digit of 45049693?
3
What is the units digit of 50541744?
4
What is the ten thousands digit of 696077503?
7
What is the hundreds digit of 1103948847?
8
What is the hundred millions digit of 251864283?
2
What is the ten millions digit of 1258347692?
5
What is the millions digit of 16505920?
6
What is the millions digit of 912651043?
2
What is the hundred millions digit of 1140406789?
1
What is the ten thousands digit of 1909181331?
8
What is the ten millions digit of 220662635?
2
What is the tens digit of 163234535?
3
What is the ten thousands digit of 229268990?
6
What is the ten millions digit of 145901535?
4
What is the units digit of 33616754?
4
What is the billions digit of 1018944815?
1
What is the ten millions digit of 909563789?
0
What is the thousands digit of 551306022?
6
What is the hundred thousands digit of 216145807?
1
What is the units digit of 1585216231?
1
What is the tens digit of 353331848?
4
What is the ten thousands digit of 72893786?
9
What is the thousands digit of 127867592?
7
What is the hundred thousands digit of 1823484497?
4
What is the ten thousands digit of 50430118?
3
What is the units digit of 665836975?
5
What is the ten thousands digit of 52217287?
1
What is the hundreds digit of 905110708?
7
What is the hundreds digit of 3256239?
2
What is the millions digit of 17889299?
7
What is the ten thousands digit of 1646466?
4
What is the units digit of 996590176?
6
What is the units digit of 58798702?
2
What is the millions digit of 3130388?
3
What is the hundred thousands digit of 606790161?
7
What is the ten millions digit of 164810392?
6
What is the tens digit of 5199499685?
8
What is the units digit of 4753843?
3
What is the units digit of 48953131?
1
What is the thousands digit of 891155354?
5
What is the ten millions digit of 236214177?
3
What is the hundred millions digit of 316347290?
3
What is the millions digit of 18090336?
8
What is the ten millions digit of 250511805?
5
What is the hundred millions digit of 5105455181?
1
What is the hundreds digit of 475273978?
9
What is the thousands digit of 285052708?
2
What is the hundred thousands digit of 95091855?
0
What is the thousands digit of 402796362?
6
What is the ten thousands digit of 402777325?
7
What is the hundreds digit of 107770147?
1
What is the millions digit of 34555584?
4
What is the hundreds digit of 817574211?
2
What is the hundreds digit of 191258519?
5
What is the thousands digit of 1730628988?
8
What is the thousands digit of 141130056?
0
What is the units digit of 2192735171?
1
What is the tens digit of 5571973721?
2
What is the ten thousands digit of 376474644?
7
What is the ten thousands digit of 42402112?
0
What is the millions digit of 8224425?
8
What is the hundreds digit of 2221882486?
4
What is the millions digit of 923276027?
3
What is the ten thousands digit of 163768385?
6
What is the billions digit of 1007113876?
1
What is the units digit of 633272446?
6
What is the tens digit of 124981161?
6
What is the tens digit of 745799869?
6
What is the thousands digit of 135599014?
9
What is the hundreds digit of 3534299071?
0
What is the millions digit of 8048548?
8
What is the hundreds digit of 179580274?
2
What is the ten millions digit of 43268277?
4
What is the hundred thousands digit of 1447802359?
8
What is the millions digit of 961290470?
1
What is the ten thousands digit of 2678055749?
5
What is the hundreds digit of 262669358?
3
What is the thousands digit of 93192105?
2
What is the ten millions digit of 5400201459?
0
What is the hundreds digit of 359140468?
4
What is the hundred thousands digit of 3129060847?
0
What is the hundred millions digit of 118948475?
1
What is the ten thousands digit of 9343256?
4
What is the ten thousands digit of 2369212232?
1
What is the hundreds digit of 2279083616?
6
What is the tens digit of 3052435662?
6
What is the hundreds digit of 2265783049?
0
What is the hundred thousands digit of 235845781?
8
What is the thousands digit of 3499962602?
2
What is the millions digit of 198671641?
8
What is the ten millions digit of 223204670?
2
What is the ten thousands digit of 18155714?
5
What is the millions digit of 91710186?
1
What is the units digit of 1277425169?
9
What is the hundreds digit of 307287789?
7
What is the hundred thousands digit of 29384462?
3
What is the tens digit of 118834567?
6
What is the thousands digit of 5593879?
3
What is the tens digit of 2876489441?
4
What is the billions digit of 2321772394?
2
What is the ten millions digit of 490865026?
9
What is the hundreds digit of 1381287354?
3
What is the ten millions digit of 535289495?
3
What is the thousands digit of 8212148?
2
What is the tens digit of 395346863?
6
What is the ten thousands digit of 162277772?
7
What is the thousands digit of 477480637?
0
What is the thousands digit of 2582649439?
9
What is the tens digit of 101512480?
8
What is the hundred thousands digit of 73387563?
3
What is the thousands digit of 149437855?
7
What is the hundred millions digit of 351950970?
3
What is the hundred thousands digit of 879119516?
1
What is the hundred thousands digit of 256133690?
1
What is the units digit of 1161448714?
4
What is the millions digit of 43128518?
3
What is the hundreds digit of 356462460?
4
What is the hundred thousands digit of 2849201712?
2
What is the ten millions digit of 1243431782?
4
What is the ten thousands digit of 254556679?
5
What is the millions digit of 483155154?
3
What is the hundred millions digit of 3053095803?
0
What is the hundreds digit of 46660961?
9
What is the hundred thousands digit of 307085906?
0
What is the hundred thousands digit of 6997122053?
1
What is the hundreds digit of 1386368819?
8
What is the tens digit of 1182715772?
7
What is the thousands digit of 1041856715?
6
What is the hundreds digit of 42148343?
3
What is the ten millions digit of 39427845?
3
What is the thousands digit of 49328982?
8
What is the thousands digit of 3135659914?
9
What is the hundred millions digit of 4083485252?
0
What is the tens digit of 96099550?
5
What is the millions digit of 689278679?
9
What is the units digit of 1637147582?
2
What is the tens digit of 174821170?
7
What is the units digit of 503829655?
5
What is the hundred millions digit of 737721565?
7
What is the hundred millions digit of 438330911?
4
What is the thousands digit of 938542384?
2
What is the thousands digit of 30898911?
8
What is the thousands digit of 345660969?
0
What is the thousands digit of 420507725?
7
What is the hundreds digit of 6324954004?
0
What is the millions digit of 248038906?
8
What is the millions digit of 90746729?
0
What is the ten millions digit of 2378206028?
7
What is the hundreds digit of 430717690?
6
What is the hundreds digit of 33915319?
3
What is the ten millions digit of 90222283?
9
What is the hundred thousands digit of 94344039?
3
What is the billions digit of 2505898976?
2
What is the hundred thousands digit of 1057213512?
2
What is the hundreds digit of 546272905?
9
What is the units digit of 1068598896?
6
What is the hundred thousands digit of 790811268?
8
What i